311
What are the prime factors of 14116?
2, 3529
What are the prime factors of 358?
2, 179
What are the prime factors of 61976?
2, 61, 127
List the prime factors of 55662.
2, 3, 9277
List the prime factors of 3743.
19, 197
What are the prime factors of 39914?
2, 7, 2851
What are the prime factors of 6401?
37, 173
List the prime factors of 10057.
89, 113
List the prime factors of 13406.
2, 6703
What are the prime factors of 3051?
3, 113
List the prime factors of 10468.
2, 2617
List the prime factors of 22833.
3, 43, 59
What are the prime factors of 21316?
2, 73
List the prime factors of 531.
3, 59
List the prime factors of 76480.
2, 5, 239
List the prime factors of 10763.
47, 229
List the prime factors of 37638.
2, 3, 17, 41
What are the prime factors of 24612?
2, 3, 7, 293
List the prime factors of 4187.
53, 79
What are the prime factors of 204?
2, 3, 17
List the prime factors of 67488.
2, 3, 19, 37
What are the prime factors of 34?
2, 17
What are the prime factors of 57?
3, 19
What are the prime factors of 1116?
2, 3, 31
List the prime factors of 2649.
3, 883
List the prime factors of 391.
17, 23
List the prime factors of 18971.
61, 311
List the prime factors of 3508.
2, 877
List the prime factors of 3118.
2, 1559
What are the prime factors of 1825?
5, 73
List the prime factors of 525.
3, 5, 7
What are the prime factors of 3491?
3491
What are the prime factors of 56915?
5, 11383
List the prime factors of 44053.
44053
What are the prime factors of 46124?
2, 13, 887
What are the prime factors of 1529?
11, 139
List the prime factors of 746.
2, 373
List the prime factors of 32584.
2, 4073
List the prime factors of 7252.
2, 7, 37
List the prime factors of 5133.
3, 29, 59
What are the prime factors of 7307?
7307
List the prime factors of 240.
2, 3, 5
What are the prime factors of 43388?
2, 10847
List the prime factors of 785.
5, 157
What are the prime factors of 1883?
7, 269
List the prime factors of 4346.
2, 41, 53
List the prime factors of 83893.
43, 1951
List the prime factors of 14981.
71, 211
List the prime factors of 3678.
2, 3, 613
What are the prime factors of 21148?
2, 17, 311
What are the prime factors of 2859?
3, 953
List the prime factors of 59664.
2, 3, 11, 113
List the prime factors of 5615.
5, 1123
What are the prime factors of 19647?
3, 37, 59
What are the prime factors of 7444?
2, 1861
List the prime factors of 12865.
5, 31, 83
List the prime factors of 10757.
31, 347
What are the prime factors of 3749?
23, 163
What are the prime factors of 7972?
2, 1993
List the prime factors of 10446.
2, 3, 1741
List the prime factors of 21386.
2, 17, 37
List the prime factors of 37982.
2, 7, 2713
List the prime factors of 155619.
3, 17291
List the prime factors of 2984.
2, 373
List the prime factors of 1747.
1747
What are the prime factors of 50459?
50459
List the prime factors of 15719.
11, 1429
List the prime factors of 2087.
2087
List the prime factors of 81858.
2, 3, 7, 1949
List the prime factors of 28642.
2, 14321
What are the prime factors of 3457?
3457
What are the prime factors of 28864?
2, 11, 41
What are the prime factors of 12026?
2, 7, 859
List the prime factors of 2421.
3, 269
What are the prime factors of 1336?
2, 167
What are the prime factors of 533?
13, 41
What are the prime factors of 914?
2, 457
List the prime factors of 44469.
3, 61
What are the prime factors of 7849?
47, 167
What are the prime factors of 5105?
5, 1021
What are the prime factors of 15205?
5, 3041
What are the prime factors of 62946?
2, 3, 13, 269
List the prime factors of 30022.
2, 17, 883
List the prime factors of 49429.
49429
List the prime factors of 55379.
79, 701
List the prime factors of 26512.
2, 1657
List the prime factors of 481.
13, 37
List the prime factors of 872.
2, 109
What are the prime factors of 1926?
2, 3, 107
What are the prime factors of 4810?
2, 5, 13, 37
What are the prime factors of 3636?
2, 3, 101
What are the prime factors of 15303?
3, 5101
List the prime factors of 18161.
11, 13, 127
List the prime factors of 48573.
3, 7, 257
What are the prime factors of 105575?
5, 41, 103
List the prime factors of 80.
2, 5
What are the prime factors of 86822?
2, 43411
List the prime factors of 19.
19
List the prime factors of 31183.
31183
List the prime factors of 3645.
3, 5
What are the prime factors of 25389?
3, 7, 13, 31
List the prime factors of 12758.
2, 6379
What are the prime factors of 193?
193
List the prime factors of 2168.
2, 271
What are the prime factors of 18861?
3, 6287
List the prime factors of 21179.
21179
List the prime factors of 1223.
1223
List the prime factors of 964.
2, 241
What are the prime factors of 3235?
5, 647
What are the prime factors of 17070?
2, 3, 5, 569
What are the prime factors of 123?
3, 41
List the prime factors of 41.
41
What are the prime factors of 70913?
70913
What are the prime factors of 118112?
2, 3691
What are the prime factors of 1683?
3, 11, 17
List the prime factors of 837.
3, 31
What are the prime factors of 8825?
5, 353
What are the prime factors of 2076?
2, 3, 173
What are the prime factors of 1099?
7, 157
List the prime factors of 674.
2, 337
What are the prime factors of 981?
3, 109
What are the prime factors of 27796?
2, 6949
What are the prime factors of 786?
2, 3, 131
List the prime factors of 151.
151
What are the prime factors of 3763?
53, 71
What are the prime factors of 15164?
2, 17, 223
What are the prime factors of 3031?
7, 433
What are the prime factors of 2340?
2, 3, 5, 13
List the prime factors of 3306.
2, 3, 19, 29
What are the prime factors of 47286?
2, 3, 37, 71
List the prime factors of 3547.
3547
List the prime factors of 60805.
5, 12161
List the prime factors of 2095.
5, 419
List the prime factors of 49701.
3, 16567
What are the prime factors of 5325?
3, 5, 71
List the prime factors of 15725.
5, 17, 37
What are the prime factors of 1869?
3, 7, 89
What are the prime factors of 3084?
2, 3, 257
What are the prime factors of 1312?
2, 41
What are the prime factors of 26669?
26669
What are the prime factors of 892?
2, 223
What are the prime factors of 357?
3, 7, 17
List the prime factors of 43696.
2, 2731
What are the prime factors of 5445?
3, 5, 11
What are the prime factors of 2468?
2, 617
What are the prime factors of 10999?
17, 647
What are the prime factors of 56062?
2, 28031
List the prime factors of 661.
661
What are the prime factors of 14418?
2, 3, 89
What are the prime factors of 5001?
3, 1667
What are the prime factors of 27602?
2, 37, 373
List the prime factors of 7443.
3, 827
List the prime factors of 7079.
7079
What are the prime factors of 3621?
3, 17, 71
List the prime factors of 6659.
6659
List the prime factors of 40252.
2, 29, 347
What are the prime factors of 38969?
7, 19, 293
What are the prime factors of 969?
3, 17, 19
What are the prime factors of 130331?
47, 59
List the prime factors of 456.
2, 3, 19
List the prime factors of 8.
2
What are the prime factors of 2027?
2027
List the prime factors of 125346.
2, 3, 13, 1607
What are the prime factors of 343?
7
List the prime factors of 1948.
2, 487
What are the prime factors of 2737?
7, 17, 23
List the prime factors of 2542.
2, 31, 41
What are the prime factors of 281?
281
List the prime factors of 991.
991
What are the prime factors of 511?
7, 73
What are the prime factors of 87?
3, 29
List the prime factors of 3244.
2, 811
What are the prime factors of 12103?
7, 13, 19
List the prime factors of 5175.
3, 5, 23
List the prime factors of 44220.
2, 3, 5, 11, 67
List the prime factors of 6773.
13, 521
List the prime factors of 3994.
2, 1997
List the prime factors of 1430.
2, 5, 11, 13
List the prime factors of 149172.
2, 3, 31, 401
What are the prime factors of 18784?
2, 587
List the prime factors of 6339.
3, 2113
What are the prime factors of 4832?
2, 151
List the prime factors of 17945.
5, 37, 97
What are the prime factors of 859?
859
List the prime factors of 2730.
2, 3, 5, 7, 13
List the prime factors of 739.
739
List the prime factors of 16745.
5, 17, 197
List the prime factors of 4342.
2, 13, 167
What are the prime factors of 1882?
2, 941
What are the prime factors of 22780?
2, 5, 17, 67
What are the prime factors of 31660?
2, 5, 1583
What are the prime factors of 1573?
11, 13
List the prime factors of 18